ainder when v is divided by 68?
67
Suppose 39*g - 38*g - 17 = 0. Let r = -43 - -148. Suppose -3*p - 159 = -5*j - 0*p, 3*p = -3*j + r. What is the remainder when j is divided by g?
16
Let x be 26*((-206)/12 + (-6)/(-9)). Let u = x - -548. What is the remainder when u is divided by 18?
11
Suppose 11*h = 76*h - 5005. Calculate the remainder when h is divided by 10.
7
Suppose 2*b + 33 = -3*b + 98. What is the remainder when 789 is divided by b?
9
Let p = 12691 - 12448. What is the remainder when 1225 is divided by p?
10
Let u(w) be the third derivative of 11*w**4/24 - 31*w**3/3 - 10*w**2. What is the remainder when 24 is divided by u(6)?
0
Suppose 2*l - 101 = 3. Suppose 9 = f, 531*x - 5*f = 530*x - 22. Calculate the remainder when l is divided by x.
6
Let m(g) be the first derivative of 2*g**2 + 66*g + 55. Suppose -2*o + 5*k + 339 = 0, 0*o - 2*k - 837 = -5*o. What is the remainder when o is divided by m(-8)?
31
Calculate the remainder when ((-25)/((-125)/1170) - 1) + -9 is divided by 1*14*11/2.
70
Let c be 1/(4/(-224))*-6. Suppose 0 = 37*a - 39*a + c. What is the remainder when a is divided by 31?
13
Suppose 43*i - 2501 = -36*i + 18*i. Let l(h) = 5*h - 9. What is the remainder when i is divided by l(6)?
20
Suppose 134*n = 132*n + 12, 3*j - n - 150 = 0. Calculate the remainder when 1922 is divided by j.
50
Let k = 45 - -102. Let o = k - 102. Calculate the remainder when 176 is divided by o.
41
Suppose -6*m = -0 - 12. Let t(d) = 33*d**m + 76 - 3*d - 18*d**2 - 14*d**2. Calculate the remainder when t(0) is divided by 26.
24
Let k be ((-6 + 5)/(-1))/(1/15). Suppose -41 = -q + 3*u - k, -5*q + 5*u + 120 = 0. Calculate the remainder when 41 is divided by q.
18
Let c = 62 - 58. Suppose 4*z - 184 = -c*d, d - 15 = 4*z + 51. Calculate the remainder when (148/(-10))/((-10)/d) is divided by 19.
17
Suppose 0 = -2*j + 7 - 3, -2*v - 288 = -j. Suppose 7*h - 6*h = -29. Let c = h - v. Calculate the remainder when c is divided by 13.
10
Let u(w) = 6*w + 13. Suppose 13*z - 256 = 17. Calculate the remainder when u(z) is divided by 35.
34
Let i = -2869 - -2902. Calculate the remainder when 559 is divided by i.
31
Let m(b) = b**3 + 2*b + 16. Suppose 0 = 2*l + c, 0 = 3*l + 3*c - 4*c. Calculate the remainder when 237 is divided by m(l).
13
Suppose -4*q - 40 = -9*q. Suppose -61 = 8*h - 5. What is the remainder when 2/((2 - 2) + (-1)/h) is divided by q?
6
Let n = 2939 + -2917. What is the remainder when n is divided by 4?
2
Let x = 362 + -613. Let s = -156 - x. What is the remainder when s is divided by 28?
11
Let c = -2193 + 2421. What is the remainder when c is divided by 59?
51
Let c be (-7 - -3)/(26/1469). Let v = -172 - c. What is the remainder when 214 is divided by v?
52
Let q = -565 - -722. Calculate the remainder when 330 is divided by q.
16
Suppose -560*w + 566*w = 144. Suppose -33*j + 36*j = 48. What is the remainder when w is divided by j?
8
Suppose 71*s - 9036 - 3154 = 6554. What is the remainder when s is divided by 258?
6
What is the remainder when ((-1038)/(-78))/((-31)/(-403)) is divided by 36?
29
Let t = 10027 - 9357. What is the remainder when t is divided by 112?
110
Suppose 3*v = -2*j + 1189, -4*j - j + 2*v + 3020 = 0. Suppose j = 25*f - 18*f. Calculate the remainder when f is divided by 41.
4
Let l(j) = 2*j**2 - 142*j + 412. Calculate the remainder when 153 is divided by l(68).
1
Let r be 0/(3 - (-21)/(-3)). What is the remainder when 54 is divided by 0 - -19 - (0 - r)?
16
Suppose -5*h = 15, 60 = 32*n - 31*n - h. What is the remainder when 338 is divided by n?
53
Let a = 13423 + -13420. What is the remainder when 297 is divided by a?
0
Let j(q) = -7*q**3 + 5*q**2 + 2*q - 104. Calculate the remainder when j(-5) is divided by 96.
22
Let h be 7*-18*(-2)/42. Calculate the remainder when 35 is divided by 12/h - (-33 - 5/(-1)).
5
Suppose 2*g + 8 = p - 9, -p + 3*g = -22. Suppose 69 = -k + p. Let t = -36 - k. What is the remainder when 101 is divided by t?
23
Suppose -11321*r + 616 = -11293*r. Calculate the remainder when 2081 is divided by r.
13
Let w(u) = u**2 - 52*u - 3107. What is the remainder when 13390 is divided by w(89)?
184
Let x = 3437 + -3352. Calculate the remainder when x is divided by 30.
25
Calculate the remainder when 11784 is divided by -2*((-357)/30)/(-17)*2*-10.
24
Let d = 111 + -107. Suppose 0 = d*t + w - 442, 9*t - 335 = 6*t + w. Calculate the remainder when t is divided by 28.
27
Suppose 277*u + 4969 - 13208 - 6996 = 0. Calculate the remainder when 326 is divided by u.
51
Suppose -10*d + 11*d + 2*u - 4529 = 0, -16*d - u = -72495. What is the remainder when d is divided by 36?
31
Suppose -28*m + 1219 = -489. Calculate the remainder when 230 is divided by m.
47
Let u = 11524 + -11513. What is the remainder when 613 is divided by u?
8
Let c(o) = 2*o**3 + 34*o**2 - 409*o + 62. What is the remainder when 878 is divided by c(-25)?
17
Let q be (12/10)/((-4)/(-10)). Suppose 3*i + 0*v - v = 10, -q*i - 5*v = -4. What is the remainder when (-112)/(-8) + (2/4 + 0)*4 is divided by i?
1
Let k be 5 - ((-4)/10 - 24/(-60)). Suppose 3*u - 7*u = -d + 98, d - 71 = -k*u. What is the remainder when d is divided by 18?
14
Let n be 1*1/((-3)/(-153)). Let r = n + 1. Suppose -w = -47 - r. What is the remainder when w is divided by 17?
14
Let f = -11 - -21. Let v = 306 - 1379. Let h = v - -1090. What is the remainder when h is divided by f?
7
Let k = -42 - -76. Let b(q) = -q**3 + q**2 + 3*q + 3. Suppose -33 = 6*h - 21. Calculate the remainder when k is divided by b(h).
7
Let l(x) = 3 + 12*x + 2*x**2 + 10*x**2 + x**3 - 2*x**2. Let p be l(-8). Suppose -4*b + p + 197 = 0. What is the remainder when b is divided by 12?
10
Let g = 5989 + -5899. Calculate the remainder when 232 is divided by g.
52
Let z(x) = 6*x + 5. Let p be z(4). Suppose 0 = -2*g - 25 - p. Let a = g - -72. What is the remainder when a is divided by 10?
5
Let s = 1128 - 55. Let j = 1565 - s. Suppose 0 = 5*l + 10, i - 3*i + 3*l = -j. What is the remainder when i is divided by 41?
38
Let j = -474 - -664. Let c be -5*2/(-15) + j/3. Let k = 70 - c. Calculate the remainder when 29 is divided by k.
5
Suppose 3*b - 3*w + 518 = 2258, 0 = -b + 11*w + 550. What is the remainder when b is divided by 151?
130
Suppose -5*c - 7349 = -7*n + 280, -3*c = -4*n + 4359. Calculate the remainder when n is divided by 29.
19
Suppose 5*d - 3*h = 19506, -4*d + 2*h + 1364 + 14244 = 0. What is the remainder when d is divided by 170?
166
Suppose 0 = -5*f - 15*a + 14*a + 2312, 3*f + 5*a = 1374. What is the remainder when f is divided by 8?
7
Let z(r) = 310*r + 276. Let j be z(-15). Calculate the remainder when 103 is divided by (-1)/8 - (j/48 + -4).
8
Let x = 981 + -744. Suppose 0 = -25*h - 321 + 921. What is the remainder when x is divided by h?
21
Suppose -2*h - 422 = 4*s, -3*h + 4*s = -4*h - 221. Let z = 38 - 23. Calculate the remainder when h/21*-4 - (-14)/(-49) is divided by z.
8
Let s be 98/21*108/7. Let b be ((-120)/s)/(1/(-3)). Suppose -5*i + 163 = u, -5*i + 112 + 33 = -b*u. What is the remainder when i is divided by 22?
10
Let m be 1689/(-2)*6/(-9). Let u = m + -298. Suppose 29 = -4*s + u. Calculate the remainder when s is divided by 16.
11
Let o = 352 + -281. Let c = -272 - -280. What is the remainder when o is divided by c?
7
Suppose -194 = -5*h + 2*u + 343, -4*u + 234 = 2*h. Suppose -168*m = -166*m + 5*p + 15, 0 = -4*m + 5*p + 75. What is the remainder when h is divided by m?
9
Suppose -1686 = -5*w + k + 52917, 4*k = -w + 10908. Calculate the remainder when 196 is divided by w/234 - 4/6.
12
Let n(i) = 798*i - 12630. Calculate the remainder when n(18) is divided by 572.
18
Let j = 13989 + -13903. What is the remainder when 101 is divided by j?
15
Let v = -375 + 393. Suppose -2 = -w, 5*l + v*w = 15*w + 841. Let j(c) = c**3 - 4*c**2 + 3*c + 1. What is the remainder when l is divided by j(4)?
11
Let t = 7 - -64. Let z = 47 - 95. Let d = 84 + z. Calculate the remainder when t is divided by d.
35
Suppose 29*o - 96*o + 4623 = 0. Let j(n) = -26*n**3 - n**2 - n. Let u be j(-1). Suppose u = 3*z - 28. Calculate the remainder when o is divided by z.
15
Calculate the remainder when (3097 + 1)/(422/211) is divided by 70.
9
Suppose 4*s = 2*l + 1357 + 1215, 3212 = 5*s - l. Let u be (-21)/84 + 0 + s/8. Let r = 91 - u. What is the rem